et t = 34 + -13. Calculate the greatest common divisor of n and t.
3
Suppose 2*t - 15 = 5*t, g = -4*t - 6. Let j = g - 10. What is the greatest common factor of j and 12?
4
Suppose 5*l - 136 = 354. Let w(j) = 2*j**2 + j - 5. Let a be w(-4). Let d be (a - 2)/3*2. What is the greatest common divisor of d and l?
14
Suppose -3*z + 2*c - 3*c - 23 = 0, 5*z = 2*c - 42. Let w(r) = r**2 - r + 5. Let u be w(z). Calculate the highest common factor of u and 7.
7
Suppose -g - 10 = -5*k, -k - 2*k = -5*g - 6. Suppose -r - r + 72 = g. What is the highest common factor of r and 24?
12
Let v(x) = x + 76. Let l be v(0). Calculate the highest common divisor of 4 and l.
4
Let j be 33*(-5)/(-30)*2. What is the highest common factor of 121 and j?
11
Let k(c) = -c**3 - 6*c**2 - 2*c - 9. Let q be k(-6). What is the greatest common divisor of q and 1?
1
Let o = 3 + -4. Let s(p) = 18*p**2 - p - 1. Let g be s(o). Let c = -38 - -44. Calculate the greatest common factor of g and c.
6
Suppose 35 = -0*p + 5*p. Let c = -1 + p. Suppose -7*k + 79 + 131 = 0. What is the highest common factor of k and c?
6
Suppose 5*c = 2*i + 1, -8*c - 3 = -3*c - 4*i. Suppose -u = -3 - c. Suppose 3*g + 3*v = 18, 3*v - 17 - 7 = -u*g. What is the greatest common divisor of 6 and g?
6
Let w(b) = -b + 15. Let p be w(5). Calculate the greatest common divisor of 15 and p.
5
Let f be (1 - 3) + (0 - -2). Suppose f = -2*p - 3*p + 50. Calculate the greatest common factor of p and 10.
10
Let w(v) = -v**2 - 10*v + 5. Let y be w(-10). Suppose -7 = -y*t + 243. What is the greatest common divisor of 10 and t?
10
Let z(b) = 19*b - 6. Let v(d) = 18*d - 6. Let h(a) = 4*v(a) - 3*z(a). Let s be h(6). Suppose -r = r - s. What is the greatest common factor of 14 and r?
14
Let w = -50 - -130. Let t(m) = -m**3 + 8*m**2 + 11*m - 8. Let q be t(9). What is the greatest common factor of w and q?
10
Suppose 15*c - 44 = 13*c. Calculate the highest common factor of c and 77.
11
Let k(y) = 5*y**2 - 7*y - y**2 + 0 - 5 + 2*y**3 - y**3. Let i be k(-5). Suppose -i*o + 83 = -592. What is the highest common factor of o and 15?
15
Let a = -25 + 32. What is the greatest common divisor of 28 and a?
7
Let g = 52 - 26. Calculate the greatest common factor of g and 65.
13
Let g(w) = 2*w**2 - 4*w**2 + 9*w - 5 + w**2. Suppose 3*p + 4*m = 17 + 21, 2*m = -5*p + 40. Let l be g(p). What is the highest common divisor of l and 117?
13
Let a = 2 + -8. Suppose -p - 3*p = -28. Let n = p - a. What is the greatest common factor of n and 143?
13
Let m be 10 - (10 + -5 + -3). What is the greatest common divisor of m and 20?
4
Let f = 57 - 33. Let z = 138 + -78. What is the highest common factor of f and z?
12
Let b be 2*1*(4 + 0). Let c be (-4)/b*(0 + -14). Suppose -5*n - 70 = -10*n. What is the highest common divisor of n and c?
7
Let z = -114 - -126. Calculate the greatest common divisor of z and 204.
12
Let d be ((-8)/6)/(12/(-306)). What is the highest common factor of 17 and d?
17
Suppose -3*u + 9 = -2*f + f, 3*u = -2*f + 18. Suppose 0 = -q - u + 79. What is the highest common factor of q and 30?
15
Let v be 3 + -3 + -1 + 2. What is the greatest common factor of 1 and v?
1
Let s be 2/(-6) - (-43)/3. What is the highest common divisor of s and 14?
14
Let f be (-2)/10 + (-66)/(-30) - -142. What is the highest common factor of f and 18?
18
Let d = -76 - -106. Suppose o + 4*o = d. What is the greatest common divisor of 18 and o?
6
Let v be 2/(-1)*(-218)/(-4). Suppose -h = 2*g + 3*g - 164, 4*h = 2*g + 766. Let m = v + h. What is the greatest common factor of m and 32?
16
Let o(v) = -5 - 3*v**2 + 2 + 8*v - 5*v**2 + v**3. Let u be o(7). Suppose 4*q - 26 = -5*w, u*w - 14 = -q + 9. What is the highest common factor of w and 4?
2
Let a(n) = -190*n - 3. Let h be a(-1). What is the highest common factor of h and 17?
17
Let w be (0 - -4)/2 - -2. Suppose -73 = -4*i - w*o - o, -3*i + 4*o = -16. Let g be 120 - (-2 + 2)/(-3). What is the greatest common factor of g and i?
12
Suppose -83 = -2*a + 61. What is the greatest common divisor of 9 and a?
9
Let j(o) be the second derivative of o**5/20 - 7*o**4/12 - 4*o**3/3 + 6*o**2 + 8*o. Let h be j(8). What is the highest common factor of h and 6?
6
Let t = -7 - -4. Let k be (-81 - 0)/t - -3. Calculate the highest common factor of k and 6.
6
Let a be (1/2)/(2/20). Suppose -6*d + 9*d = -6. Let x(m) = 3*m**2 - 2. Let r be x(d). Calculate the highest common divisor of a and r.
5
Let x(q) = 35*q**3 + q**2 - q. Let i be x(1). Suppose 0 = 4*m - 50 + 30. Calculate the highest common factor of i and m.
5
Let q = -24 + 38. Calculate the highest common factor of 126 and q.
14
Suppose -s = -2*s + 10. Suppose 0*q = o + 2*q - s, -5*q - 8 = -3*o. Let z(n) = -n**2 + 2*n + 17. Let i be z(5). Calculate the highest common factor of i and o.
2
Let l(d) be the second derivative of -d**5/20 + d**4/3 + 2*d**3/3 - d**2/2 - 5*d. Let z be l(3). Calculate the highest common factor of 4 and z.
4
Suppose 3*b = 4*b - 5. What is the highest common factor of b and 40?
5
Suppose -4*u = -4*z + 3*z + 44, 5*z = -2*u + 198. What is the greatest common factor of 10 and z?
10
Suppose 5*s + 0*v - 2*v = 60, 3*s + 2*v - 36 = 0. Calculate the greatest common divisor of 12 and s.
12
Let n be (-25)/(-2)*16/5. Let l(w) = w**3 - 2*w**2 + 2*w + 1. Let q be l(2). What is the highest common divisor of n and q?
5
Suppose 0*y + 3*y - 6 = 0. Let a be -1*2*y/(-4). Let f be -1 - (a + 47)/(-3). Calculate the highest common divisor of 5 and f.
5
Suppose -4*b + 2*u + 28 = 0, -b - 2*b + u + 22 = 0. Let k be -2*3/6 - -5. Let x be (-6*k/(-3))/1. Calculate the highest common divisor of x and b.
8
Suppose -12 = 2*j - 4*p - 232, 5*j - 3*p = 543. What is the highest common divisor of 36 and j?
36
Let x(h) = -h + 10. Let n be x(-6). Calculate the highest common factor of n and 32.
16
Let b(n) = n + 27. Let o be b(-5). Calculate the greatest common factor of o and 66.
22
Suppose 4*n + 30 = 7*n. Let w(a) = -a**3 - a**2 - a. Let l be w(0). Suppose l*z - z + n = 0. Calculate the greatest common divisor of 5 and z.
5
Suppose 4 = -g, v + 2*v - g - 106 = 0. Calculate the greatest common factor of v and 85.
17
Let v(d) = 5*d**3 - d. Let s be v(1). Suppose s*o - 20 = 4. What is the greatest common divisor of o and 3?
3
Let n = -296 + 494. Calculate the greatest common factor of 22 and n.
22
Let r(b) = -b + 27. Let g be r(15). Suppose -5*v + 3 = -12. What is the highest common factor of v and g?
3
Let o(c) = -1 + 0*c**2 - c**3 - 3*c + 4*c**2 - 2*c**3 + 4*c**3. Let v be o(-4). Calculate the highest common factor of v and 33.
11
Let c = 19 + -28. Let q be (-1628)/(-36) + 2/c. What is the greatest common factor of q and 9?
9
Suppose 62 = -3*p + 2. Let x be (-268)/p + (-3)/(-5). Suppose -2*a - 15 = -5*t + 6, 0 = 3*t - 15. Calculate the highest common divisor of x and a.
2
Let q = 634 + -381. Calculate the greatest common factor of q and 23.
23
Suppose 5*g = 3*g + q + 8, 5*q = -2*g + 8. Suppose o - 5 = -g. Let d be (0 - 1 - o) + 9. Calculate the greatest common factor of 35 and d.
7
Suppose 3*r - 33 = 2*b, -r - 44 = -5*r - 2*b. What is the greatest common factor of 209 and r?
11
Suppose 3*n - 12 = 0, -93 = 4*h - 5*h - 3*n. Let m(q) = -q**2 - 3*q + 2. Let t be m(-4). Let c = t + 11. What is the greatest common divisor of c and h?
9
Suppose -5*v + 146 + 124 = 5*a, 5*a - 230 = 5*v. What is the greatest common factor of a and 125?
25
Let x be (3 - (4 - 30)) + -4. Calculate the highest common factor of x and 10.
5
Let p be 25 + (-25)/(-10)*(-12)/(-10). What is the greatest common divisor of p and 14?
14
Let v(c) = -c**3 - c**2 + c + 13. Let t be v(0). Calculate the greatest common factor of t and 104.
13
Let t be (-3)/6 - 7/(-2). Calculate the highest common divisor of t and 15.
3
Suppose -p - 4*p + 5*m = -110, 5*m + 56 = 3*p. Calculate the highest common factor of 54 and p.
27
Suppose -53*a + 10 = -52*a. Let w be 60*((-4)/(-3))/1. What is the greatest common divisor of w and a?
10
Let i(c) = 8*c**2 - 3*c + 4. Let v be i(-4). Calculate the highest common factor of 18 and v.
18
Suppose 5*a = 11 + 9. Suppose 0 = a*h - 250 - 70. What is the greatest common factor of 10 and h?
10
Let l be -2*(12/(-8) + -3) + 3. Calculate the greatest common factor of 84 and l.
12
Suppose 34 = -5*p + 139. Calculate the hig